
What is the value of (-6 + -1 - (48 - 56)) + 7?
8
Evaluate 60 + -20 - 8 - (3 + -2 + 8).
23
Calculate -351 - -346 - (0 + -21).
16
30 + -5 + -59 + 58
24
What is 6 - (6 - 2) - (2 - (10 + -22))?
-12
What is 9 - 17 - (10 - (4 - -4))?
-10
Calculate -34 - (-29 + 19 + 12).
-36
Calculate -22 + 9 - (-3 - -15).
-25
40 + -31 + -14 - 13
-18
What is the value of (-2 - 19) + 18 + -4 + (-10 - -5)?
-12
Calculate (945 - 952) + (2 - 1) + -1 + 1.
-6
Evaluate 1 + 4 + (-9 - (6 + -9)).
-1
Evaluate (11 + -33 - -13) + (0 - -2).
-7
What is 0 - ((-7 - 0) + 13 + -6 + -6)?
6
Evaluate 1 + (0 - 5) + (407 - 407).
-4
What is the value of (-4 - -4) + -12 + 7 + (-10 - -32)?
17
What is the value of -12 - ((-4 - -5) + 2)?
-15
(-46 - -52) + -10 + 2
-2
What is the value of -33 + -3 + 29 - (1 + -2)?
-6
What is the value of -12 - (-8 + 11) - -20?
5
What is the value of 16 + (19 + -13 - 2) + 2?
22
Evaluate 8 + (4 - (17 - 14)).
9
Evaluate -14 - -2 - (-14 + 5) - 11.
-14
Evaluate 21 - (2 + 6) - 14 - 0.
-1
Calculate -15 - (30 - 45) - (-2 - (-2 + -1)).
-1
(14 - 57) + (4 - (-4 + 9 - 11))
-33
(-103 + 107 - (-1 + 2 + -1)) + 8
12
Calculate 4 - (3 - (-6 - -7 - -3)).
5
4 + 2 - (4 + 1 - 1 - -6)
-4
What is 11 + (-11 - 5) - (-16 + 4)?
7
What is the value of 0 - -2 - 1 - -3 - (1716 - 1698)?
-14
What is 3 - (-5 - (-20 + (9 - 10)))?
-13
Calculate (26 - 4) + -68 + 24.
-22
(4 - 1) + 83 + -82
4
Calculate 2 + (1 - 0) - (32 + -9 + -19).
-1
What is -150 + 140 + 9 + 0 + 1?
0
(8 - (-2 - -11)) + 6
5
What is the value of 10 + (3 - (14 + (-2 - 3))) - -28?
32
What is (3 + -10 - -28) + -12 - 3?
6
Calculate 0 - (1 + -13) - (850 + -856).
18
Evaluate (-88 - -104) + (-7 - -4).
13
Calculate 1 + 2 + (3 - 0) - (-52 + 42).
16
Evaluate 9 + 16 + -25 + -6 + (-4 - -2).
-8
What is the value of -2 + (-10 - -6) + -7?
-13
Evaluate (-10 - -24 - 16) + 9.
7
Calculate (1 - -5) + (-5 - (3 + 7)).
-9
Evaluate -2 + -18 + (-233 - -233).
-20
What is 35 + -47 + 64 + -34?
18
What is the value of 20 + (-28 - (10 - 26)) + -2 + -1?
5
Evaluate (1 - -8) + (-88 - -58).
-21
What is -34 - (7 + 9 + (7 - 34) + 7)?
-30
What is (-3 + -1 - -1) + (-4 - (13 + -14))?
-6
Calculate 3 - ((10 - 7) + 4).
-4
What is 0 + -13 + -53 + 78?
12
Evaluate -10 - (-10 + (3 - -1)).
-4
What is the value of 35 + -68 + 14 - -43?
24
What is (11 - -4) + (-5 + 9 - 55)?
-36
-3 + (-27 - -62) + 1 + -13
20
Calculate -5 - 1 - (17 + (-12 - -8) + -6).
-13
What is the value of -18 - (12 - (22 + -9))?
-17
What is the value of (9 + (3 - -1 - 3) - 2) + -13?
-5
Evaluate (1 - (0 - 9)) + 8 + 15 + -30.
3
What is the value of -1 + 0 + -10 + -7?
-18
What is the value of 0 + (-2 - -1) + 1 - (-2 - -6)?
-4
What is (96 - (81 - -12)) + 1 + 15?
19
0 - (-5 + -17 + 35)
-13
What is the value of (-1 + 8 - 16) + 3 - 2 - -6?
-2
What is the value of -6 + (1 - -5) - (2 - -9)?
-11
-3 - -1 - (-16 - (36 + -63))
-13
What is the value of 2 + 6 - (55 - 45) - (-9 - 1)?
8
-6 - (0 - (-23 - (-14 + 17)))
-32
Calculate 7 - (23 - 12) - -5.
1
What is the value of 10 + (4 + (-16 - -8) + -20 - 8)?
-22
What is the value of -2 + 3 + (16 - 40) + 1?
-22
Calculate (6 + 2 + -8 - 6) + 27.
21
(-8 + 13 - 12) + (9 - -2)
4
What is the value of -38 - -36 - (9 - (-4 - -9))?
-6
-145 + 141 + 0 + 4
0
What is the value of (-3 - -9) + -2 - (25 - 10)?
-11
-1 + 12 - -2 - 12
1
What is the value of 209 + -220 - (-1 + 3 + 1 + 1)?
-15
Calculate 15 - -1 - ((112 - 55) + -73).
32
Calculate (-4 - (21 + -11)) + 15.
1
What is 19 - (-11 + 32) - (0 + -1)?
-1
(4 - 5 - (-1 + 3 + -1)) + -3
-5
What is (-8 - (-3 - (9 + -11) - 4)) + 25?
22
0 - 3 - (9 - 14) - (-12 + 10)
4
Calculate 1 + -14 + 15 + -4 + 0 - -1.
-1
What is the value of 0 + (1 - 0) + (12 - (13 + 12))?
-12
What is the value of (4 - (-1 + 12)) + 13 - 6?
0
Evaluate 4 + 3 + 4 + -8.
3
Calculate (-2 - (-3 + 18) - (-2 - 4)) + 0.
-11
What is the value of (1 - -1 - 1) + 10 + (4 - -1)?
16
What is the value of -7 - (-9 + 0 + -8 + (-13 - -24))?
-1
8 + 3 + -3 + -12
-4
Calculate -14 + 15 - 16 - -10.
-5
Evaluate -30 - (0 + (6 - -8) + -12).
-32
What is the value of -15 + 5 + 52 + -74?
-32
What is the value of 2 - (4 - 9 - -4) - (-11 + 13)?
1
Calculate -2 - -1 - (175 - 167).
-9
What is (57 - 34) + -54 + 26?
-5
(22 - 6 - 8) + (5 - 15)
-2
Evaluate (0 - (-9 - -8)) + 7 + -17.
-9
9 + (-13 - (10 - 21))
7
What is 11 - (-8 - -7) - -21?
33
-5 + 3 + -8 + (21 - 13) - -4
2
What is (1 + 1 - 9) + (64 - 55)?
2
What is 1 + -13 + 2 + 5 + -17 + 11?
-11
Evaluate 9 + -4 + (19 + -9 + -9 - -6).
12
What is -2 - (2 + -9) - 16 - (87 - 134)?
36
Evaluate 0 - 2 - (-1 - (-12 - -13 - 13)).
-13
Evaluate -2 + (-1 - 0) + (-44 - -50).
3
What is the value of (20 + -7 - (-14 + 19)) + (-2 - 21)?
-15
Evaluate (68 - 91) + 5 + -5 + -14.
-37
Evaluate -1 + -1 + 1 - (-2439 + 2453).
-15
What is -8 + (16 - (9 - 3)) + -20?
-18
What is the value of 8 - -28 - (79 - 55)?
12
Evaluate -2 + 6 + 3 + -3 + -7 - 3.
-6
What is -3 + (1 - (2 - -2)) - (-3 - 2)?
-1
What is the value of 5 + 4 - 8 - (0 - 11)?
12
Evaluate 17 - 36 - (-16 + -1).
-2
What is the value of -13 + -1 + 14 - (-2 + (-5 - -1))?
6
Calculate -8 - (13 - (-12 + 20)) - -6.
-7
What is the value of -38 + (26 - -4) + -4?
-12
Calculate -6 + 6 + 4 + -1 + 7.
10
What is -3 + 21 + -12 + -6 + -5 + -17?
-22
Calculate -407 - -433 - (2 - -1).
23
1728 + -1729 - ((-1 - -2) + -21)
19
What is the value of (-12 - -17) + -30 - -19?
-6
Calculate 20 + -11 + 11 - (-13 - -13).
20
Evaluate (-41 - -1) + (40 + -44 - (-3 - 4)).
-37
(0 - 11) + (20 - (-30 - -35)) - 20
-16
Evaluate (3 - (9 - (-1 + 27))) + 8.
28
What is 25 + -28 - (5 + 1 + 0) - 5?
-14
Calculate 21 + -10 - (4 + 2) - -3.
8
What is the value of 19 + -14 + -3 + -8?
-6
Evaluate 0 + -14 + (-1 - (-3 - -6)) + 10.
-8
6 - (-5 + 37 - 13)
-13
What is the value of -12 + 2 + (-29 - -14 - -14)?
-11
-4 + 2 + -22 + 1 + -15 + 23
-15
What is -1 + -4 + (0 - -4) - (1 - -9)?
-11
What is the value of (-2 + 4 - 0) + 3 - (-44 + 42)?
7
Evaluate -14 - (12 + -12 + 7 + (-10 - -1)).
-12
-13 + (-7 + (-3 - -13) - (-1 - 1))
-8
Calculate 9 + -8 + 5 + 4.
10
Evaluate -4 - (11 + -39 + 15).
9
What is -8 - (-21 - (8 + -4 + -1))?
16
Calculate (-4 - 1) + 17 + (3 - -1) + -12.
4
What is the value of -275 + 271 + (-4 - -2 - 3) - 4?
-13
(13 + -1 - 2) + (106 - 129)
-13
Calculate -222 + 188 + (19 - -2).
-13
Evaluate -8 - ((-15 - -6) + 18).
-17
What is the value of -3 + 10 + (-24 - -20)?
3
What is the value of 10 - 24 - (-8 - (5 + 3))?
2
Calculate -4 - (-27 + 5 + 6).
12
Calculate -26 - 0 - (109 - 156).
21
What is the value of ((9 - 0) + -1 + -4 - 8) + -6?
-10
Calculate (-43 - (-154 - -107)) + (-6 - (2 - 0)).
-4
Calculate -35 + -4 + 59 + -27.
-7
Evaluate (-35 - (-10 - 17)) + (22 - -1).
15
(17 - (21 - 15)) + 12
23
0 + -21 + 6 + 11
-4
Calculate 6 + -25 + (15 - -5).
1
What is (-13 - (-13 + 9)) + 22?
13
Evaluate (3 - 2) + -8 + 33 + -50 + 9.
-15
What is -11 + 8 - ((-8 + -7 - -3) + 4)?
5
Evaluate -19 - 2 - (30 - 27 - 5).
-19
-2 - ((-2 - (4 + -5)) + 15 + -21)
5
Evaluate (2 - 0) + -2 + -5 + 7 + 12.
14
Evaluate 23 + (-13 + 30 - 22).
18
Evaluate 7 - -2 - (0 - -10).
-1
What is the value of 1 - -9 - (-32 - (-43 - (-8 - 0)))?
7
Evaluate 0 - -9 - (-1 + 2 + 4) - 16.
-12
What is the value of -14 - (-39 + 28) - (1 + 7)?
-11
-1 + (-8 - -15) + -11 + 13
8
What is (-13 - -2) + 14 + 9?
12
What is 19 + -8 + (10 - (14 + 24))?
-17
(2 - (30 - 21)) + 11 - (0 - -1)
3
What is the value of -3 + 11 + (-3 - -4) + -32?
-23
Evaluate 2 + 1 + 1 + -5 + 14 + -3.
10
Calculate 15 + (4 - (3 - (-3 + 2 + -3))).
12
What is the value of (11 - 18) + (4 - -21)?
18
What is -12 + 26 + (17 - 46)?
-15
Calculate 0 + (4 - (-5 + -4 + 11)) + -5.
-3
What is (1540 - 1505) + 6 + -8 + (0 - -2)?
35
-12 + -11 + 7 + 2
-14
What is 867 + -837 + -36 + -1?
-7
(8 - 5) + -9 + -11 + -3 - -6
-14
What is 28 - (-28 - -7 - -43)?
6
Evaluate -11 + 20 + -15 + 17.
11
What is the value of -4 - 17 - -1 - -8 - -7?
-5
What is the value of -1 - -5 - (-40 + 17 - -22)?
5
Evaluate -19 + 18 + -26 + 19 + 5.
-3
13 - ((8 - 6) + -16) - 14
13
What is the value of 6 + 20 + (-9 - 5)?
12
Calculate (-5 - (6 - -3)) + 29 + -9.
6
Calculate (19 - 34) + (0 - (-3 + (0 - 1))).
-11
Calculate (-2 - 4) + -26 + (13 - 0).
-19
What is 3 - ((-1 - (5 + -5)) + 4)?
0
-534 + 507 + (3 - 0)
-24
Calculate -5 - -1 - ((18 - 11) + -4 + 1).
-8
Evaluate 6 + (52 - 37 - 27).
-6
19 + (-8 - (-16 + 19))
8
(-6 + -3 + 3 - -6 - 2) + -5
-7
Calcu